t f(s) = -s**3 + s**2 - 3*s - 2. Is f(r) a composite number?
False
Suppose 5*r - 5*v - 2700 = 0, 483 + 1102 = 3*r + 4*v. Is (6 + r)/(2 + -1) prime?
True
Suppose -8809 = -7*w - 570. Suppose 6*x = 4127 + w. Suppose 13*q - x - 1001 = 0. Is q a prime number?
False
Let o(i) = 4*i**2 - 8*i + 15. Let b be o(4). Is b/(-141) + 38/6 - -915 composite?
True
Let n = 35229 - 84229. Is n/(-8) + 0 + -4 prime?
True
Suppose 414*y + 802636 = 6905410. Is y a composite number?
False
Let b = -98605 + 194336. Is b composite?
False
Suppose -229*n - 7211817 = -14493822 - 20121509. Is n composite?
True
Suppose 3*o - 30 = 4*c, -4*o - 5*c + 31 + 9 = 0. Let u be ((-5)/o)/(((-9)/24)/3). Suppose 5*m = -v + 6295, -5*v = 4*m - u*v - 5036. Is m a composite number?
False
Let q(g) = 2181*g + 455. Is q(12) a prime number?
True
Let j be (-508772)/(-77) + (-9)/21. Let r = j - 3470. Is r composite?
False
Let x(r) = -41*r**3 + 8*r**2 + 4*r + 20. Is x(-9) prime?
False
Let h(m) = 1965*m**2 - 32*m + 10. Let s(p) = -4*p**2. Let u(z) = h(z) - 3*s(z). Is u(3) composite?
False
Is 2077689*(-8)/336*-14 a prime number?
False
Suppose -9 = -5*v + 11, 5*j + v - 74034 = 0. Suppose 3*b - 2*i - j = b, -5*i = 5*b - 36995. Is b a composite number?
True
Is (-132274)/(11/(-11) + -1) composite?
False
Let y(g) = -3*g + 28. Let f be y(10). Let b be (-35)/(-7) + 181 + 1*f. Let w = 1601 - b. Is w composite?
True
Let u(v) = 2*v + 3. Let d be u(-1). Is (d*10)/((-3)/(4671/(-18))) a composite number?
True
Let q(m) = -m**3 + 25*m**2 + 45*m - 15. Let y be 22 - (4 + -6 + 2). Is q(y) a composite number?
True
Let h = 538982 + 142089. Is h prime?
False
Let j = 25458 - 8095. Is j a prime number?
False
Let l be (-3)/(-6)*(-44)/((-6)/(-3)). Let s be (-24)/(-10)*l/((-33)/10). Suppose -12*i + 16 = -s*i. Is i prime?
False
Let b(r) = -r**2 - 17*r - 62. Let w be b(-7). Suppose w*t = 36716 + 588. Is t a prime number?
True
Let d be ((-5)/(-15) + 10/15)*5. Suppose 2*p = -10*m + 12*m - 472, -5*p = d. Is m composite?
True
Is (-4 + -1 - -6)*(4513821 - 5)/8 a composite number?
False
Let d(w) = -w**2 + w - 1. Let g(q) = -424*q**2 - 7*q + 2. Let u(i) = d(i) - g(i). Is u(-4) a composite number?
False
Let j = -196756 - -334035. Is j prime?
True
Suppose 95*c - 92*c = 1382142. Is c a prime number?
False
Let d = -78 + 75. Let z = -1 + -3. Is (((-12424)/z)/(-2))/(2 + d) a composite number?
False
Let k(q) = 523*q**2 + 627*q + 285. Is k(-22) a composite number?
False
Suppose 0 = -3*y + 14 + 1. Suppose 2*d - y*k - 401 = 0, -2*k - 1 = -k. Suppose r = -5*r + d. Is r composite?
True
Suppose -59*j = -61*j - 10. Let v be j/(-4 + 9)*-11. Suppose -v*l = -6*l - 7615. Is l a composite number?
False
Suppose -q + 2*q = -3*c + 3, 2*c + 4*q - 12 = 0. Suppose -8*f + c*f = -98184. Is f prime?
False
Suppose 4*s - 526*c = -523*c + 908558, 4*c + 24 = 0. Is s a composite number?
True
Let t(z) = 7 + 18*z - 8 - 50 + 101*z**3 - 7*z**2. Is t(6) prime?
False
Let l = 15446 + -22996. Let u = l - -15143. Is u prime?
False
Let a = -158 - -158. Suppose -7*h - 4121 + 37840 = a. Is h a prime number?
True
Let a(c) be the third derivative of -8*c**6/15 + 13*c**5/60 + c**4/3 - 11*c**3/3 + 149*c**2. Is a(-5) composite?
False
Let y be 49 - (-8 + -1) - 3. Suppose 53*z + 197146 = y*z. Is z composite?
False
Let t(r) = 45*r**2 + 57*r + 19. Let p(j) = -j**3 + 10*j**2 - 22*j + 1. Let s be p(5). Is t(s) a composite number?
False
Let k be (-30)/42 - ((-27)/(-21) - 1). Let w be ((-2)/k)/((-12 - -7) + 6). Suppose w*t - 4*p + 3287 = 7*t, -5*p = -5*t + 3305. Is t composite?
False
Let h be 7/(182/2472656) + (-6)/39. Suppose 7*r + h = 240625. Is r composite?
False
Suppose 0 = 2*z - 4, -2*l = 4*z - 458626. Is l prime?
True
Let o(u) = -3*u + 9. Let r be o(4). Is (0 - 3093)*(-2)/((-6)/r) a composite number?
True
Let a(o) = 3133*o**2 + 2381*o - 1. Is a(9) a prime number?
True
Is ((-6)/(-9))/(8/2829732 - 0) composite?
False
Let p(z) = 17190*z**2 + 9*z + 22. Is p(-1) a composite number?
False
Let h be 2664/252 + 6/28*2. Suppose 79141 = h*r - 269218. Is r a composite number?
True
Let c(a) = 36*a**3 - 13*a**2 + 107. Is c(8) a prime number?
True
Let d(b) = -3*b - 15. Suppose 0 = 2*a - 68 + 74. Let p be d(a). Is (-2 + 306/(-4))/(p/12) prime?
True
Suppose 28*x = 35*x + 938. Let y = 134 + x. Suppose 14*l - 20370 + 1540 = y. Is l composite?
True
Let k(s) = 38*s**2 + 2*s + 4. Let z be k(6). Let c(g) = -30*g + 473. Let p be c(38). Let w = z + p. Is w a composite number?
True
Let x(f) = -20843*f - 29. Let a be x(-2). Suppose 5*w = -3*u + 2*u + a, -u = -3*w + 24991. Is w a composite number?
True
Let h(d) = 4*d**3 - 2*d - 15*d**3 + 23 + 3*d**2 + 5*d**3. Is h(-6) a composite number?
False
Suppose 5*u = -78*u - 17*u + 18072100. Is u composite?
True
Let d(i) = i + 5. Let s = -2 + -2. Let j be d(s). Is -1259*(j - 6/3) a prime number?
True
Suppose -2*b + 3*y + 10 = 5*y, 0 = -2*y + 6. Suppose -b*s = -5*s + 16701. Is s prime?
False
Let v be 4749/(6/(-2 - 4)). Let q = 9344 + v. Is q a prime number?
False
Suppose 6*s - 2*s = -3*u + 14780, 2*u - 9861 = 5*s. Suppose -7504 = -2*p + u. Suppose 0 = -3*y - 5*l + 6234, l = -5*y + 8*y - p. Is y a composite number?
True
Let n(o) = -o**3 + 2*o**2 - 163*o - 1421. Is n(-109) a prime number?
True
Let g(r) = -5*r**3 - 8*r**2 - 18*r + 25. Is g(-12) a composite number?
True
Suppose -197 + 5 = -6*t. Let r be 48/t*((-922)/(-3))/1. Suppose 234 = -z + 3*z - 4*v, 4*z - v - r = 0. Is z a prime number?
False
Let i be 35682/(5 + -6 + 3). Suppose 3*h - i = -a + 5*a, 4*a = 12. Is h a composite number?
True
Suppose 5351025 = 10*t - 5*j + 999085, -5*t - 5*j + 2176015 = 0. Is t prime?
False
Let b(n) = n + 1. Let x be b(-2). Is 1 + (7213 - (x + -2)) prime?
False
Suppose -8*h + 3 = 5*n - 9*h, 0 = -4*h + 8. Suppose -4*j + 8 = -2*l, 0 = l + l. Is (n/3)/(j/3324) prime?
False
Let h(z) = z**3 + 20*z**2 - 9*z - 142. Let j be h(-14). Suppose x + 2*d + 1 = 3, -4*d = 3*x - 4. Suppose x = 4*r - j - 2852. Is r composite?
True
Suppose 3*k = -f + 168, -k = 4*f - 1064 + 436. Is (-24)/f - (-49107)/39 a composite number?
False
Let j be (444/18 - 0)*(3 + 0). Let s = 79 - j. Suppose -y + x = -1148, s*y - 2831 - 2921 = x. Is y prime?
True
Let p = -938826 - -1500655. Is p a composite number?
False
Suppose -64611 = -82*r + 13699. Let u be 40*((-49)/4 - -1). Let p = r - u. Is p prime?
False
Suppose -6655 = 3*a + 18020. Let y = -1046 - a. Is y composite?
True
Suppose t + 112732 = 3*i, -4*t + 123221 = 3*i + 10494. Is i composite?
True
Let i(q) = q**3 - 10*q**2 + 6*q - 15. Let m be i(10). Suppose -m*j + 44*j + 3646 = 0. Is j composite?
True
Let z(v) = 3*v**2 + 0*v**3 - 11 + 0*v**3 + 5 - 4*v**3. Is z(-3) composite?
True
Suppose -26*w + 187118 - 30460 = 32*w. Is w composite?
True
Let b = -5108 + 8344. Suppose 3*m = -5*y + b, 2*m - m - 1090 = 4*y. Is m a composite number?
True
Let d(c) = 914*c**2 - 368*c + 17. Is d(-11) composite?
False
Let i(m) = 1475*m**3 - 17*m + 23. Is i(2) a prime number?
True
Suppose -d - 5*s + 5148 = 0, -5*s + 0*s - 15384 = -3*d. Suppose w + 1606 = d. Is w a prime number?
True
Let g be 1 + -1 + 0/9. Suppose g = -344*p + 339*p + 9655. Is p prime?
True
Let j(k) = k**3 - 16*k**2 + k - 15. Let w be 4*(-1)/(-26) + (-1236)/(-78). Let r be j(w). Is 93/r - (-1 - -4 - 5) prime?
False
Suppose -g - 14*g = -45, 3*q + 5*g - 971382 = 0. Is q a prime number?
True
Let t = 15 - 5. Let c(y) = -5*y - 13. Let a(v) = 5*v + 14. Let g(b) = 4*a(b) + 3*c(b). Is g(t) a prime number?
True
Suppose -5*y + z + 275643 = 0, 10*y - 7*y = 4*z + 165379. Is y a prime number?
False
Let g = 5468 + -987. Is g a prime number?
True
Let k = 8771 + -16055. Let j = k - -10207. Is j a prime number?
False
Let l be ((-2)/10)/(2/10). Let a(q) = -2*q - 2. Let b be a(l). Suppose b = -4*v - 589 + 4917. Is v a prime number?
False
Suppose -7101460 = -33*m + 3341777 - 2831358. Is m prime?
True
Suppose -7 = -u + 2*o, -3*o + 4*o = -u + 16. Let g(t) = -614668*t + 614652*t + 5*t**2 + 23 - t**2. Is g(u) composite?
False
Let b be (1 - 3) + 40/8. Suppose -5*i + 1084 = 5*n + 34, -i - 630 = -b*n. Let q = n - 33. Is q composite?
True
Suppose 0 = -4*s + q + 93466, -q = 30*s - 25*s - 116819. Is s prime?
False
Let g = -9859 - -67776. Is g composite?
False
Suppose -18262761 = 36*w - 55110597. Is w composite?
False
Let n = 273658 - 163565. Is n prime?
False
Suppose 